{"id":1611,"date":"2022-06-09T09:17:00","date_gmt":"2022-06-09T09:17:00","guid":{"rendered":"https:\/\/dpgsv.regiohealth.net\/?page_id=1611"},"modified":"2026-04-27T10:11:24","modified_gmt":"2026-04-27T10:11:24","slug":"1611-2","status":"publish","type":"page","link":"https:\/\/dpgsv.de\/pl\/","title":{"rendered":"Home"},"content":{"rendered":"<div data-elementor-type=\"wp-page\" data-elementor-id=\"1611\" class=\"elementor elementor-1611\">\n\t\t\t\t\t\t<section class=\"elementor-section elementor-top-section elementor-element elementor-element-97232d6 elementor-section-boxed elementor-section-height-default elementor-section-height-default\" data-id=\"97232d6\" data-element_type=\"section\" data-e-type=\"section\">\n\t\t\t\t\t\t<div class=\"elementor-container elementor-column-gap-default\">\n\t\t\t\t\t<div class=\"elementor-column elementor-col-100 elementor-top-column elementor-element elementor-element-eac5f07\" data-id=\"eac5f07\" data-element_type=\"column\" data-e-type=\"column\">\n\t\t\t<div class=\"elementor-widget-wrap elementor-element-populated\">\n\t\t\t\t\t\t<div class=\"elementor-element elementor-element-3581abb elementor-widget elementor-widget-heading\" data-id=\"3581abb\" data-element_type=\"widget\" data-e-type=\"widget\" data-widget_type=\"heading.default\">\n\t\t\t\t<div class=\"elementor-widget-container\">\n\t\t\t\t\t<h5 class=\"elementor-heading-title elementor-size-medium\">Polsko-Niemieckie Stowarzyszenie na rzecz Zdrowia i Polityki Spo\u0142ecznej<\/h5>\t\t\t\t<\/div>\n\t\t\t\t<\/div>\n\t\t\t\t\t<\/div>\n\t\t<\/div>\n\t\t\t\t\t<\/div>\n\t\t<\/section>\n\t\t\t\t<section class=\"elementor-section elementor-top-section elementor-element elementor-element-d375888 elementor-section-boxed elementor-section-height-default elementor-section-height-default\" data-id=\"d375888\" data-element_type=\"section\" data-e-type=\"section\">\n\t\t\t\t\t\t<div class=\"elementor-container elementor-column-gap-default\">\n\t\t\t\t\t<div class=\"elementor-column elementor-col-100 elementor-top-column elementor-element elementor-element-4590bf9\" data-id=\"4590bf9\" data-element_type=\"column\" data-e-type=\"column\">\n\t\t\t<div class=\"elementor-widget-wrap elementor-element-populated\">\n\t\t\t\t\t\t<div class=\"elementor-element elementor-element-5936ed7 elementor-widget elementor-widget-spacer\" data-id=\"5936ed7\" data-element_type=\"widget\" data-e-type=\"widget\" data-widget_type=\"spacer.default\">\n\t\t\t\t<div class=\"elementor-widget-container\">\n\t\t\t\t\t\t\t<div class=\"elementor-spacer\">\n\t\t\t<div class=\"elementor-spacer-inner\"><\/div>\n\t\t<\/div>\n\t\t\t\t\t\t<\/div>\n\t\t\t\t<\/div>\n\t\t\t\t<div class=\"elementor-element elementor-element-87521c6 elementor-widget elementor-widget-text-editor\" data-id=\"87521c6\" data-element_type=\"widget\" data-e-type=\"widget\" data-widget_type=\"text-editor.default\">\n\t\t\t\t<div class=\"elementor-widget-container\">\n\t\t\t\t\t\t\t\t\t<p>Der DPGSV e.V. engagiert sich in der nachhaltige Entwicklung des deutsch-polnischen Verflechtungsraumes und dar\u00fcber hinaus in der gesundheitlichen, sozialen und politischen Zusammenarbeit zwischen den beiden L\u00e4ndern.\u00a0<\/p><p>Als starker Netzwerkpartner ber\u00e4t der Verband seine Mitglieder, organisiert Kooperationen und fachlichen Austausch, f\u00fchrt Symposien und Konferenzen durch und f\u00fchrt eigene Projekten durch.<\/p>\t\t\t\t\t\t\t\t<\/div>\n\t\t\t\t<\/div>\n\t\t\t\t<div class=\"elementor-element elementor-element-477e202 elementor-widget elementor-widget-text-editor\" data-id=\"477e202\" data-element_type=\"widget\" data-e-type=\"widget\" data-widget_type=\"text-editor.default\">\n\t\t\t\t<div class=\"elementor-widget-container\">\n\t\t\t\t\t\t\t\t\t<p>Przeobra\u017cenia demograficzne w Polsce i w Niemczech zmierzaj\u0105 w analogicznym kierunku. Niedostatek lekarzy, przeci\u0105\u017cony personel opieku\u0144czy, braki w zakresie m\u0142odej kadry, rosn\u0105ce koszty opieki nad osobami starszymi - lista potrzeb po obu stronach Odry nie nale\u017cy do kr\u00f3tkich. Zdrowie to zagadnienie, kt\u00f3re \u0142\u0105czy nas niezale\u017cnie od granic.<\/p>\t\t\t\t\t\t\t\t<\/div>\n\t\t\t\t<\/div>\n\t\t\t\t<div class=\"elementor-element elementor-element-8863ff1 elementor-widget elementor-widget-text-editor\" data-id=\"8863ff1\" data-element_type=\"widget\" data-e-type=\"widget\" data-widget_type=\"text-editor.default\">\n\t\t\t\t<div class=\"elementor-widget-container\">\n\t\t\t\t\t\t\t\t\t<p>Um hierf\u00fcr Br\u00fccken zu bauen sowie neue Aspekte wie die betriebliche Gesundheitspr\u00e4vention voranzubringen, gr\u00fcndete sich am 12.06.2015 der Deutsch-Polnische Gesundheits- &amp; Sozialverband e.V. Wir sind dabei Vermittler, Berater, Kooperationspartner und Projektentwickler. Wir bieten vielf\u00e4ltige Angebote f\u00fcr Interessierte und besonders f\u00fcr unsere Mitglieder:<\/p>\t\t\t\t\t\t\t\t<\/div>\n\t\t\t\t<\/div>\n\t\t\t\t<div class=\"elementor-element elementor-element-ad74e7b elementor-widget elementor-widget-spacer\" data-id=\"ad74e7b\" data-element_type=\"widget\" data-e-type=\"widget\" data-widget_type=\"spacer.default\">\n\t\t\t\t<div class=\"elementor-widget-container\">\n\t\t\t\t\t\t\t<div class=\"elementor-spacer\">\n\t\t\t<div class=\"elementor-spacer-inner\"><\/div>\n\t\t<\/div>\n\t\t\t\t\t\t<\/div>\n\t\t\t\t<\/div>\n\t\t\t\t\t<\/div>\n\t\t<\/div>\n\t\t\t\t\t<\/div>\n\t\t<\/section>\n\t\t\t\t<section class=\"elementor-section elementor-top-section elementor-element elementor-element-c95eba2 elementor-section-boxed elementor-section-height-default elementor-section-height-default\" data-id=\"c95eba2\" data-element_type=\"section\" data-e-type=\"section\">\n\t\t\t\t\t\t<div class=\"elementor-container elementor-column-gap-default\">\n\t\t\t\t\t<div class=\"elementor-column elementor-col-50 elementor-top-column elementor-element elementor-element-9190718\" data-id=\"9190718\" data-element_type=\"column\" data-e-type=\"column\">\n\t\t\t<div class=\"elementor-widget-wrap elementor-element-populated\">\n\t\t\t\t\t\t<div class=\"elementor-element elementor-element-16031d8 elementor-widget elementor-widget-text-editor\" data-id=\"16031d8\" data-element_type=\"widget\" data-e-type=\"widget\" data-widget_type=\"text-editor.default\">\n\t\t\t\t<div class=\"elementor-widget-container\">\n\t\t\t\t\t\t\t\t\t<p>Oferujemy tworzenie kooperacji: cz\u0142onkowie i partnerzy Stowarzyszenia to przedstawiciele polskich oraz niemieckich zespo\u0142\u00f3w medycznych, instytucje ubezpieczeniowe, stowarzyszenia aktywne w obszarze polityki spo\u0142ecznej, kliniki, kancelarie prawnicze, jak i polscy oraz niemieccy przedsi\u0119biorcy z bran\u017cy zdrowia lub opieki. <strong>Netzwerke<\/strong>: Unsere Mitglieder sind deutsche und polnische Mediziner, Krankenkassen, Sozialverb\u00e4nde, Kliniken, Rechtsanwalts-kanzleien sowie zahlreiche Unternehmen aus dem Gesundheits- und Sozialbereich, sowie F\u00f6rdermittelberater.<\/p>\t\t\t\t\t\t\t\t<\/div>\n\t\t\t\t<\/div>\n\t\t\t\t\t<\/div>\n\t\t<\/div>\n\t\t\t\t<div class=\"elementor-column elementor-col-50 elementor-top-column elementor-element elementor-element-f549cd5\" data-id=\"f549cd5\" data-element_type=\"column\" data-e-type=\"column\">\n\t\t\t<div class=\"elementor-widget-wrap elementor-element-populated\">\n\t\t\t\t\t\t<div class=\"elementor-element elementor-element-b5fd54a elementor-widget elementor-widget-text-editor\" data-id=\"b5fd54a\" data-element_type=\"widget\" data-e-type=\"widget\" data-widget_type=\"text-editor.default\">\n\t\t\t\t<div class=\"elementor-widget-container\">\n\t\t\t\t\t\t\t\t\t<p>Nasze dzia\u0142ania opieramy na osi\u0105gni\u0119ciach, jakich dostarcza <strong>\u015bwiat nauki<\/strong> i <strong>proces permanentnego kszta\u0142cenia<\/strong>: wiedza to pot\u0119ga. Dlatego stale wsp\u00f3\u0142pracujemy ze szko\u0142ami wy\u017cszymi po obu stronach granicy, jeste\u015bmy ich partnerami w ramach poszczeg\u00f3lnych projekt\u00f3w, pozyskujemy granty, jak i sami pe\u0142nimy funkcj\u0119 wyk\u0142adowc\u00f3w.<\/p>\t\t\t\t\t\t\t\t<\/div>\n\t\t\t\t<\/div>\n\t\t\t\t\t<\/div>\n\t\t<\/div>\n\t\t\t\t\t<\/div>\n\t\t<\/section>\n\t\t\t\t<section class=\"elementor-section elementor-top-section elementor-element elementor-element-b7b7cf7 elementor-section-boxed elementor-section-height-default elementor-section-height-default\" data-id=\"b7b7cf7\" data-element_type=\"section\" data-e-type=\"section\">\n\t\t\t\t\t\t<div class=\"elementor-container elementor-column-gap-default\">\n\t\t\t\t\t<div class=\"elementor-column elementor-col-50 elementor-top-column elementor-element elementor-element-5670cf1\" data-id=\"5670cf1\" data-element_type=\"column\" data-e-type=\"column\">\n\t\t\t<div class=\"elementor-widget-wrap elementor-element-populated\">\n\t\t\t\t\t\t<div class=\"elementor-element elementor-element-77ef63e elementor-widget elementor-widget-text-editor\" data-id=\"77ef63e\" data-element_type=\"widget\" data-e-type=\"widget\" data-widget_type=\"text-editor.default\">\n\t\t\t\t<div class=\"elementor-widget-container\">\n\t\t\t\t\t\t\t\t\t<p>Korzystamy z mo\u017cliwo\u015bci, jakie stwarza <strong>polityka<\/strong> zusammen: Wir stehen beratend der Politik und Verwaltung auf L\u00e4nder- und Bundesebene zur Seite und artikulieren die Interessen unserer Mitglieder<\/p>\t\t\t\t\t\t\t\t<\/div>\n\t\t\t\t<\/div>\n\t\t\t\t\t<\/div>\n\t\t<\/div>\n\t\t\t\t<div class=\"elementor-column elementor-col-50 elementor-top-column elementor-element elementor-element-b55ab2a\" data-id=\"b55ab2a\" data-element_type=\"column\" data-e-type=\"column\">\n\t\t\t<div class=\"elementor-widget-wrap elementor-element-populated\">\n\t\t\t\t\t\t<div class=\"elementor-element elementor-element-6075492 elementor-widget elementor-widget-text-editor\" data-id=\"6075492\" data-element_type=\"widget\" data-e-type=\"widget\" data-widget_type=\"text-editor.default\">\n\t\t\t\t<div class=\"elementor-widget-container\">\n\t\t\t\t\t\t\t\t\t<p>Wir entwickeln eigene <strong>Projekty<\/strong> und Projekte in Kooperationen zur St\u00e4rkung der deutsch-polnischen Zusammenarbeit im Gesundheit- und Sozialbereich.<\/p>\t\t\t\t\t\t\t\t<\/div>\n\t\t\t\t<\/div>\n\t\t\t\t\t<\/div>\n\t\t<\/div>\n\t\t\t\t\t<\/div>\n\t\t<\/section>\n\t\t\t\t<\/div>","protected":false},"excerpt":{"rendered":"<p>Der Deutsch-Polnische Gesundheits- und Sozialverband e.V. Der DPGSV e.V. engagiert sich in der nachhaltige Entwicklung des deutsch-polnischen Verflechtungsraumes und dar\u00fcber hinaus in der gesundheitlichen, sozialen und politischen Zusammenarbeit zwischen den beiden L\u00e4ndern.\u00a0 Als starker Netzwerkpartner ber\u00e4t der Verband seine Mitglieder,<\/p>","protected":false},"author":1,"featured_media":0,"parent":0,"menu_order":0,"comment_status":"closed","ping_status":"closed","template":"","meta":{"footnotes":""},"class_list":["post-1611","page","type-page","status-publish","hentry"],"_links":{"self":[{"href":"https:\/\/dpgsv.de\/pl\/wp-json\/wp\/v2\/pages\/1611","targetHints":{"allow":["GET"]}}],"collection":[{"href":"https:\/\/dpgsv.de\/pl\/wp-json\/wp\/v2\/pages"}],"about":[{"href":"https:\/\/dpgsv.de\/pl\/wp-json\/wp\/v2\/types\/page"}],"author":[{"embeddable":true,"href":"https:\/\/dpgsv.de\/pl\/wp-json\/wp\/v2\/users\/1"}],"replies":[{"embeddable":true,"href":"https:\/\/dpgsv.de\/pl\/wp-json\/wp\/v2\/comments?post=1611"}],"version-history":[{"count":58,"href":"https:\/\/dpgsv.de\/pl\/wp-json\/wp\/v2\/pages\/1611\/revisions"}],"predecessor-version":[{"id":2270,"href":"https:\/\/dpgsv.de\/pl\/wp-json\/wp\/v2\/pages\/1611\/revisions\/2270"}],"wp:attachment":[{"href":"https:\/\/dpgsv.de\/pl\/wp-json\/wp\/v2\/media?parent=1611"}],"curies":[{"name":"wp","href":"https:\/\/api.w.org\/{rel}","templated":true}]}}

<div data-elementor-type="wp-page" data-elementor-id="1611" class="elementor elementor-1611">
						<section class="elementor-section elementor-top-section elementor-element elementor-element-97232d6 elementor-section-boxed elementor-section-height-default elementor-section-height-default" data-id="97232d6" data-element_type="section" data-e-type="section">
						<div class="elementor-container elementor-column-gap-default">
					<div class="elementor-column elementor-col-100 elementor-top-column elementor-element elementor-element-eac5f07" data-id="eac5f07" data-element_type="column" data-e-type="column">
			<div class="elementor-widget-wrap elementor-element-populated">
						<div class="elementor-element elementor-element-3581abb elementor-widget elementor-widget-heading" data-id="3581abb" data-element_type="widget" data-e-type="widget" data-widget_type="heading.default">
				<div class="elementor-widget-container">
					<h5 class="elementor-heading-title elementor-size-medium">Polsko-Niemieckie Stowarzyszenie na rzecz Zdrowia i Polityki Społecznej</h5>				</div>
				</div>
					</div>
		</div>
					</div>
		</section>
				<section class="elementor-section elementor-top-section elementor-element elementor-element-d375888 elementor-section-boxed elementor-section-height-default elementor-section-height-default" data-id="d375888" data-element_type="section" data-e-type="section">
						<div class="elementor-container elementor-column-gap-default">
					<div class="elementor-column elementor-col-100 elementor-top-column elementor-element elementor-element-4590bf9" data-id="4590bf9" data-element_type="column" data-e-type="column">
			<div class="elementor-widget-wrap elementor-element-populated">
						<div class="elementor-element elementor-element-5936ed7 elementor-widget elementor-widget-spacer" data-id="5936ed7" data-element_type="widget" data-e-type="widget" data-widget_type="spacer.default">
				<div class="elementor-widget-container">
							<div class="elementor-spacer">
			<div class="elementor-spacer-inner"></div>
		</div>
						</div>
				</div>
				<div class="elementor-element elementor-element-87521c6 elementor-widget elementor-widget-text-editor" data-id="87521c6" data-element_type="widget" data-e-type="widget" data-widget_type="text-editor.default">
				<div class="elementor-widget-container">
									<p>Der DPGSV e.V. engagiert sich in der nachhaltige Entwicklung des deutsch-polnischen Verflechtungsraumes und darüber hinaus in der gesundheitlichen, sozialen und politischen Zusammenarbeit zwischen den beiden Ländern. </p><p>Als starker Netzwerkpartner berät der Verband seine Mitglieder, organisiert Kooperationen und fachlichen Austausch, führt Symposien und Konferenzen durch und führt eigene Projekten durch.</p>								</div>
				</div>
				<div class="elementor-element elementor-element-477e202 elementor-widget elementor-widget-text-editor" data-id="477e202" data-element_type="widget" data-e-type="widget" data-widget_type="text-editor.default">
				<div class="elementor-widget-container">
									<p>Przeobrażenia demograficzne w Polsce i w Niemczech zmierzają w analogicznym kierunku. Niedostatek lekarzy, przeciążony personel opiekuńczy, braki w zakresie młodej kadry, rosnące koszty opieki nad osobami starszymi - lista potrzeb po obu stronach Odry nie należy do krótkich. Zdrowie to zagadnienie, które łączy nas niezależnie od granic.</p>								</div>
				</div>
				<div class="elementor-element elementor-element-8863ff1 elementor-widget elementor-widget-text-editor" data-id="8863ff1" data-element_type="widget" data-e-type="widget" data-widget_type="text-editor.default">
				<div class="elementor-widget-container">
									<p>Um hierfür Brücken zu bauen sowie neue Aspekte wie die betriebliche Gesundheitsprävention voranzubringen, gründete sich am 12.06.2015 der Deutsch-Polnische Gesundheits- &amp; Sozialverband e.V. Wir sind dabei Vermittler, Berater, Kooperationspartner und Projektentwickler. Wir bieten vielfältige Angebote für Interessierte und besonders für unsere Mitglieder:</p>								</div>
				</div>
				<div class="elementor-element elementor-element-ad74e7b elementor-widget elementor-widget-spacer" data-id="ad74e7b" data-element_type="widget" data-e-type="widget" data-widget_type="spacer.default">
				<div class="elementor-widget-container">
							<div class="elementor-spacer">
			<div class="elementor-spacer-inner"></div>
		</div>
						</div>
				</div>
					</div>
		</div>
					</div>
		</section>
				<section class="elementor-section elementor-top-section elementor-element elementor-element-c95eba2 elementor-section-boxed elementor-section-height-default elementor-section-height-default" data-id="c95eba2" data-element_type="section" data-e-type="section">
						<div class="elementor-container elementor-column-gap-default">
					<div class="elementor-column elementor-col-50 elementor-top-column elementor-element elementor-element-9190718" data-id="9190718" data-element_type="column" data-e-type="column">
			<div class="elementor-widget-wrap elementor-element-populated">
						<div class="elementor-element elementor-element-16031d8 elementor-widget elementor-widget-text-editor" data-id="16031d8" data-element_type="widget" data-e-type="widget" data-widget_type="text-editor.default">
				<div class="elementor-widget-container">
									<p>Oferujemy tworzenie kooperacji: członkowie i partnerzy Stowarzyszenia to przedstawiciele polskich oraz niemieckich zespołów medycznych, instytucje ubezpieczeniowe, stowarzyszenia aktywne w obszarze polityki społecznej, kliniki, kancelarie prawnicze, jak i polscy oraz niemieccy przedsiębiorcy z branży zdrowia lub opieki. <strong>Netzwerke</strong>: Unsere Mitglieder sind deutsche und polnische Mediziner, Krankenkassen, Sozialverbände, Kliniken, Rechtsanwalts-kanzleien sowie zahlreiche Unternehmen aus dem Gesundheits- und Sozialbereich, sowie Fördermittelberater.</p>								</div>
				</div>
					</div>
		</div>
				<div class="elementor-column elementor-col-50 elementor-top-column elementor-element elementor-element-f549cd5" data-id="f549cd5" data-element_type="column" data-e-type="column">
			<div class="elementor-widget-wrap elementor-element-populated">
						<div class="elementor-element elementor-element-b5fd54a elementor-widget elementor-widget-text-editor" data-id="b5fd54a" data-element_type="widget" data-e-type="widget" data-widget_type="text-editor.default">
				<div class="elementor-widget-container">
									<p>Nasze działania opieramy na osiągnięciach, jakich dostarcza <strong>świat nauki</strong> i <strong>proces permanentnego kształcenia</strong>: wiedza to potęga. Dlatego stale współpracujemy ze szkołami wyższymi po obu stronach granicy, jesteśmy ich partnerami w ramach poszczególnych projektów, pozyskujemy granty, jak i sami pełnimy funkcję wykładowców.</p>								</div>
				</div>
					</div>
		</div>
					</div>
		</section>
				<section class="elementor-section elementor-top-section elementor-element elementor-element-b7b7cf7 elementor-section-boxed elementor-section-height-default elementor-section-height-default" data-id="b7b7cf7" data-element_type="section" data-e-type="section">
						<div class="elementor-container elementor-column-gap-default">
					<div class="elementor-column elementor-col-50 elementor-top-column elementor-element elementor-element-5670cf1" data-id="5670cf1" data-element_type="column" data-e-type="column">
			<div class="elementor-widget-wrap elementor-element-populated">
						<div class="elementor-element elementor-element-77ef63e elementor-widget elementor-widget-text-editor" data-id="77ef63e" data-element_type="widget" data-e-type="widget" data-widget_type="text-editor.default">
				<div class="elementor-widget-container">
									<p>Korzystamy z możliwości, jakie stwarza <strong>polityka</strong> zusammen: Wir stehen beratend der Politik und Verwaltung auf Länder- und Bundesebene zur Seite und artikulieren die Interessen unserer Mitglieder</p>								</div>
				</div>
					</div>
		</div>
				<div class="elementor-column elementor-col-50 elementor-top-column elementor-element elementor-element-b55ab2a" data-id="b55ab2a" data-element_type="column" data-e-type="column">
			<div class="elementor-widget-wrap elementor-element-populated">
						<div class="elementor-element elementor-element-6075492 elementor-widget elementor-widget-text-editor" data-id="6075492" data-element_type="widget" data-e-type="widget" data-widget_type="text-editor.default">
				<div class="elementor-widget-container">
									<p>Wir entwickeln eigene <strong>Projekty</strong> und Projekte in Kooperationen zur Stärkung der deutsch-polnischen Zusammenarbeit im Gesundheit- und Sozialbereich.</p>								</div>
				</div>
					</div>
		</div>
					</div>
		</section>
				</div>

<p>Der Deutsch-Polnische Gesundheits- und Sozialverband e.V. Der DPGSV e.V. engagiert sich in der nachhaltige Entwicklung des deutsch-polnischen Verflechtungsraumes und darüber hinaus in der gesundheitlichen, sozialen und politischen Zusammenarbeit zwischen den beiden Ländern.  Als starker Netzwerkpartner berät der Verband seine Mitglieder,</p>
